y 13.
9
Calculate the remainder when 8987 is divided by 1785.
62
What is the remainder when 240 is divided by 121?
119
What is the remainder when 28487 is divided by 248?
215
Calculate the remainder when 370202 is divided by 131.
127
What is the remainder when 11822 is divided by 44?
30
Calculate the remainder when 12660 is divided by 10.
0
What is the remainder when 34002 is divided by 33946?
56
What is the remainder when 1364456 is divided by 13923?
2
What is the remainder when 4342 is divided by 390?
52
What is the remainder when 50500 is divided by 297?
10
Calculate the remainder when 1864 is divided by 612.
28
Calculate the remainder when 2131 is divided by 145.
101
Calculate the remainder when 1469284 is divided by 169.
167
Calculate the remainder when 14031 is divided by 31.
19
What is the remainder when 701359 is divided by 62?
15
What is the remainder when 28942 is divided by 12?
10
What is the remainder when 18796 is divided by 26?
24
Calculate the remainder when 5651 is divided by 129.
104
Calculate the remainder when 38892 is divided by 3882.
72
What is the remainder when 824 is divided by 490?
334
Calculate the remainder when 18912 is divided by 110.
102
What is the remainder when 14815 is divided by 7397?
21
What is the remainder when 37713 is divided by 162?
129
Calculate the remainder when 9554 is divided by 31.
6
Calculate the remainder when 423 is divided by 367.
56
Calculate the remainder when 11041 is divided by 122.
61
Calculate the remainder when 4234 is divided by 198.
76
What is the remainder when 10472 is divided by 491?
161
What is the remainder when 1265 is divided by 609?
47
Calculate the remainder when 7487 is divided by 112.
95
What is the remainder when 1192 is divided by 291?
28
Calculate the remainder when 69962 is divided by 264.
2
What is the remainder when 255 is divided by 25?
5
Calculate the remainder when 78309 is divided by 252.
189
Calculate the remainder when 9912 is divided by 1980.
12
What is the remainder when 158216 is divided by 29?
21
Calculate the remainder when 11423 is divided by 2740.
463
What is the remainder when 336 is divided by 28?
0
Calculate the remainder when 1045854 is divided by 19.
18
What is the remainder when 1149432 is divided by 199?
8
Calculate the remainder when 49504 is divided by 49502.
2
Calculate the remainder when 491318 is divided by 93.
92
Calculate the remainder when 498620 is divided by 103.
100
What is the remainder when 5239 is divided by 309?
295
What is the remainder when 9970 is divided by 65?
25
Calculate the remainder when 87802 is divided by 686.
680
Calculate the remainder when 10684 is divided by 3555.
19
What is the remainder when 8660 is divided by 234?
2
What is the remainder when 94268 is divided by 16?
12
Calculate the remainder when 61889 is divided by 76.
25
Calculate the remainder when 50716 is divided by 48.
28
Calculate the remainder when 322 is divided by 78.
10
What is the remainder when 23011 is divided by 109?
12
Calculate the remainder when 13982 is divided by 6979.
24
What is the remainder when 1903 is divided by 1737?
166
Calculate the remainder when 3738 is divided by 85.
83
What is the remainder when 11577 is divided by 1616?
265
What is the remainder when 62105 is divided by 15521?
21
What is the remainder when 41581 is divided by 132?
1
What is the remainder when 49260 is divided by 83?
41
What is the remainder when 1866 is divided by 318?
276
What is the remainder when 2218 is divided by 2188?
30
What is the remainder when 5764 is divided by 56?
52
Calculate the remainder when 189201 is divided by 151.
149
What is the remainder when 3375 is divided by 837?
27
What is the remainder when 5883 is divided by 55?
53
Calculate the remainder when 10663 is divided by 76.
23
What is the remainder when 3763 is divided by 42?
25
Calculate the remainder when 4756 is divided by 2362.
32
Calculate the remainder when 2801080 is divided by 1400539.
2
Calculate the remainder when 2996 is divided by 965.
101
What is the remainder when 264276 is divided by 45?
36
Calculate the remainder when 2721 is divided by 680.
1
What is the remainder when 123831 is divided by 80?
71
Calculate the remainder when 963 is divided by 460.
43
Calculate the remainder when 1409 is divided by 20.
9
Calculate the remainder when 156604 is divided by 593.
52
Calculate the remainder when 19931 is divided by 6616.
83
Calculate the remainder when 11536 is divided by 33.
19
Calculate the remainder when 1252 is divided by 76.
36
Calculate the remainder when 1557837 is divided by 40.
37
What is the remainder when 2260 is divided by 717?
109
What is the remainder when 187486 is divided by 434?
432
Calculate the remainder when 9690463 is divided by 1115.
1113
What is the remainder when 10357 is divided by 3442?
31
What is the remainder when 4392072 is divided by 15?
12
What is the remainder when 2281 is divided by 393?
316
What is the remainder when 734137 is divided by 32?
25
Calculate the remainder when 831 is divided by 405.
21
What is the remainder when 1918 is divided by 274?
0
Calculate the remainder when 7793 is divided by 266.
79
Calculate the remainder when 39360 is divided by 52.
48
What is the remainder when 11561 is divided by 2793?
389
What is the remainder when 4732 is divided by 128?
124
What is the remainder when 1162 is divided by 438?
286
What is the remainder when 982 is divided by 256?
214
What is the remainder when 1072 is divided by 108?
100
Calculate the remainder when 11924 is divided by 314.
306
Calculate the remainder when 17229 is divided by 47.
27
Calculate the remainder when 575 is divided by 314.
261
What is the remainder when 12844 is divided by 642?
4
What is the remainder when 20274 is divided by 336?
114
What is the remainder when 1629 is divided by 135?
9
What is the remainder when 23288 is divided by 7760?
8
What is the remainder when 8264 is divided by 106?
102
What is the remainder when 112626 is divided by 34?
18
Calculate the remainder when 1061 is divided by 503.
55
Calculate the remainder when 3976 is divided by 419.
205
Calculate the remainder when 45228 is divided by 279.
30
Calculate the remainder when 468143 is divided by 36.
35
Calculate the remainder when 2524 is divided by 239.
134
Calculate the remainder when 12646 is divided by 28.
18
Calculate the remainder when 117553 is divided by 3.
1
What is the remainder when 9923 is divided by 9851?
72
What is the remainder when 3670315 is divided by 410?
405
Calculate the remainder when 11798 is divided by 50.
48
What is the remainder when 5617161 is divided by 41?
38
What is the remainder when 546 is divided by 110?
106
What is the remainder when 542493 is divided by 32?
29
What is the remainder when 6324 is divided by 87?
60
Calculate the remainder when 43163 is divided by 4315.
13
Calculate the remainder when 23667 is divided by 54.
15
What is the remainder when 20812 is divided by 800?
12
Calculate the remainder when 1530 is divided by 990.
540
What is the remainder when 5337 is divided by 785?
627
Calculate the remainder when 1549 is divided by 47.
45
Calculate the remainder when 46 is divided by 43.
3
Calculate the remainder when 76 is divided by 7.
6
What is the remainder when 29805 is divided by 94?
7
What is the remainder when 20901 is divided by 726?
573
Calculate the remainder when 4600 is divided by 375.
100
What is the remainder when 3272 is divided by 72?
32
What is the remainder when 1435 is divided by 428?
151
What is the remainder when 22979 is divided by 163?
159
Calculate the remainder when 65963 is divided by 184.
91
What is the remainder when 65536 is divided by 32?
0
What is the remainder when 41934 is divided by 13848?
390
What is the remainder when 468491 is divided by 974?
971
What is the remainder when 290176 is divided by 22321?
3
Calculate the remainder when 43623 is divided by 7247.
141
Calculate the remainder when 388694 is divided by 17.
6
What is the remainder when 89009 is divided by 13?
11
What is the remainder when 10218 is divided by 381?
312
What is the remainder when 20557 is divided by 80?
77
What is the remainder when 270037 is divided by 90005?
22
What is the remainder when 2387 is divided by 113?
14
What is the remainder when 426434 is divided by 8